-- phpMyAdmin SQL Dump
-- version 5.2.1
-- https://www.phpmyadmin.net/
--
-- Host: 127.0.0.1
-- Generation Time: Mar 10, 2026 at 08:30 AM
-- Wersja serwera: 10.4.32-MariaDB
-- Wersja PHP: 8.2.12

SET SQL_MODE = "NO_AUTO_VALUE_ON_ZERO";
START TRANSACTION;
SET time_zone = "+00:00";


/*!40101 SET @OLD_CHARACTER_SET_CLIENT=@@CHARACTER_SET_CLIENT */;
/*!40101 SET @OLD_CHARACTER_SET_RESULTS=@@CHARACTER_SET_RESULTS */;
/*!40101 SET @OLD_COLLATION_CONNECTION=@@COLLATION_CONNECTION */;
/*!40101 SET NAMES utf8mb4 */;

--
-- Database: `skleps_internetowy`
--

-- --------------------------------------------------------

--
-- Struktura tabeli dla tabeli `kategorie`
--

CREATE TABLE `kategorie` (
  `id_kategorii` int(11) NOT NULL,
  `nazwa_kategorii` varchar(100) DEFAULT NULL,
  `opis` text DEFAULT NULL
) ENGINE=InnoDB DEFAULT CHARSET=utf8mb4 COLLATE=utf8mb4_general_ci;

--
-- Dumping data for table `kategorie`
--

INSERT INTO `kategorie` (`id_kategorii`, `nazwa_kategorii`, `opis`) VALUES
(1, 'Elektronika', 'Sprzęt elektroniczny'),
(2, 'Komputery', 'Komputery i akcesoria'),
(3, 'Smartfony', 'Telefony komórkowe'),
(4, 'AGD', 'Sprzęt gospodarstwa domowego'),
(5, 'Gaming', 'Sprzęt dla graczy');

-- --------------------------------------------------------

--
-- Struktura tabeli dla tabeli `klienci`
--

CREATE TABLE `klienci` (
  `id_klienta` int(11) NOT NULL,
  `imie` varchar(50) DEFAULT NULL,
  `nazwisko` varchar(50) DEFAULT NULL,
  `email` varchar(100) DEFAULT NULL,
  `telefon` varchar(20) DEFAULT NULL,
  `data_rejestracji` date DEFAULT NULL
) ENGINE=InnoDB DEFAULT CHARSET=utf8mb4 COLLATE=utf8mb4_general_ci;

--
-- Dumping data for table `klienci`
--

INSERT INTO `klienci` (`id_klienta`, `imie`, `nazwisko`, `email`, `telefon`, `data_rejestracji`) VALUES
(1, 'Jan', 'Kowalski', 'jan.kowalski@email.pl', '500111222', '2022-01-10'),
(2, 'Anna', 'Nowak', 'anna.nowak@email.pl', '500222333', '2022-03-15'),
(3, 'Piotr', 'Wiśniewski', 'piotr.w@email.pl', '500333444', '2022-05-20'),
(4, 'Katarzyna', 'Wójcik', 'kasia.w@email.pl', '500444555', '2023-01-12'),
(5, 'Tomasz', 'Kamiński', 't.kaminski@email.pl', '500555666', '2023-04-05'),
(6, 'Magdalena', 'Lewandowska', 'm.lewa@email.pl', '500666777', '2023-06-01'),
(7, 'Paweł', 'Zieliński', 'p.zielinski@email.pl', '500777888', '2023-07-10'),
(8, 'Agnieszka', 'Szymańska', 'a.szymanska@email.pl', '500888999', '2024-01-11');

-- --------------------------------------------------------

--
-- Struktura tabeli dla tabeli `platnosci`
--

CREATE TABLE `platnosci` (
  `id_platnosci` int(11) NOT NULL,
  `id_zamowienia` int(11) DEFAULT NULL,
  `data_platnosci` date DEFAULT NULL,
  `kwota` decimal(10,2) DEFAULT NULL,
  `metoda_platnosci` varchar(50) DEFAULT NULL
) ENGINE=InnoDB DEFAULT CHARSET=utf8mb4 COLLATE=utf8mb4_general_ci;

--
-- Dumping data for table `platnosci`
--

INSERT INTO `platnosci` (`id_platnosci`, `id_zamowienia`, `data_platnosci`, `kwota`, `metoda_platnosci`) VALUES
(1, 1, '2023-01-10', 6500.00, 'karta'),
(2, 2, '2023-02-11', 4800.00, 'blik'),
(3, 3, '2023-03-05', 3450.00, 'przelew'),
(4, 4, '2023-04-18', 3200.00, 'karta'),
(5, 5, '2023-06-20', 4450.00, 'blik'),
(6, 7, '2023-08-15', 5500.00, 'przelew'),
(7, 8, '2023-09-03', 250.00, 'karta'),
(8, 9, '2023-10-10', 450.00, 'blik'),
(9, 10, '2024-02-05', 1200.00, 'przelew');

-- --------------------------------------------------------

--
-- Struktura tabeli dla tabeli `pozycje_zamowienia`
--

CREATE TABLE `pozycje_zamowienia` (
  `id_pozycji` int(11) NOT NULL,
  `id_zamowienia` int(11) DEFAULT NULL,
  `id_produktu` int(11) DEFAULT NULL,
  `ilosc` int(11) DEFAULT NULL,
  `cena_jednostkowa` decimal(10,2) DEFAULT NULL
) ENGINE=InnoDB DEFAULT CHARSET=utf8mb4 COLLATE=utf8mb4_general_ci;

--
-- Dumping data for table `pozycje_zamowienia`
--

INSERT INTO `pozycje_zamowienia` (`id_pozycji`, `id_zamowienia`, `id_produktu`, `ilosc`, `cena_jednostkowa`) VALUES
(1, 1, 1, 1, 6500.00),
(2, 2, 3, 1, 4800.00),
(3, 3, 8, 2, 250.00),
(4, 3, 9, 1, 450.00),
(5, 4, 5, 1, 3200.00),
(6, 5, 4, 1, 4200.00),
(7, 5, 8, 1, 250.00),
(8, 6, 2, 1, 5200.00),
(9, 7, 7, 1, 5500.00),
(10, 8, 8, 1, 250.00),
(11, 9, 9, 1, 450.00),
(12, 10, 10, 1, 1200.00);

-- --------------------------------------------------------

--
-- Struktura tabeli dla tabeli `produkty`
--

CREATE TABLE `produkty` (
  `id_produktu` int(11) NOT NULL,
  `nazwa_produktu` varchar(150) DEFAULT NULL,
  `id_kategorii` int(11) DEFAULT NULL,
  `cena` decimal(10,2) DEFAULT NULL,
  `stan_magazynowy` int(11) DEFAULT NULL
) ENGINE=InnoDB DEFAULT CHARSET=utf8mb4 COLLATE=utf8mb4_general_ci;

--
-- Dumping data for table `produkty`
--

INSERT INTO `produkty` (`id_produktu`, `nazwa_produktu`, `id_kategorii`, `cena`, `stan_magazynowy`) VALUES
(1, 'Laptop Dell XPS', 2, 6500.00, 15),
(2, 'Laptop Lenovo ThinkPad', 2, 5200.00, 20),
(3, 'iPhone 14', 3, 4800.00, 25),
(4, 'Samsung Galaxy S23', 3, 4200.00, 30),
(5, 'PlayStation 5', 5, 3200.00, 10),
(6, 'Xbox Series X', 5, 3100.00, 12),
(7, 'Telewizor LG OLED', 1, 5500.00, 8),
(8, 'Mysz gamingowa Logitech', 5, 250.00, 100),
(9, 'Klawiatura mechaniczna', 5, 450.00, 60),
(10, 'Ekspres do kawy', 4, 1200.00, 18);

-- --------------------------------------------------------

--
-- Struktura tabeli dla tabeli `zamowienia`
--

CREATE TABLE `zamowienia` (
  `id_zamowienia` int(11) NOT NULL,
  `id_klienta` int(11) DEFAULT NULL,
  `data_zamowienia` date DEFAULT NULL,
  `status_zamowienia` varchar(50) DEFAULT NULL,
  `wartosc_zamowienia` decimal(10,2) DEFAULT NULL
) ENGINE=InnoDB DEFAULT CHARSET=utf8mb4 COLLATE=utf8mb4_general_ci;

--
-- Dumping data for table `zamowienia`
--

INSERT INTO `zamowienia` (`id_zamowienia`, `id_klienta`, `data_zamowienia`, `status_zamowienia`, `wartosc_zamowienia`) VALUES
(1, 1, '2023-01-10', 'zrealizowane', 6500.00),
(2, 2, '2023-02-11', 'zrealizowane', 4800.00),
(3, 1, '2023-03-05', 'zrealizowane', 3450.00),
(4, 3, '2023-04-18', 'wyslane', 3200.00),
(5, 4, '2023-06-20', 'zrealizowane', 4450.00),
(6, 5, '2023-07-01', 'anulowane', 5200.00),
(7, 6, '2023-08-15', 'zrealizowane', 5500.00),
(8, 7, '2023-09-03', 'wyslane', 250.00),
(9, 2, '2023-10-10', 'zrealizowane', 450.00),
(10, 8, '2024-02-05', 'w_realizacji', 1200.00);

--
-- Indeksy dla zrzutów tabel
--

--
-- Indeksy dla tabeli `kategorie`
--
ALTER TABLE `kategorie`
  ADD PRIMARY KEY (`id_kategorii`);

--
-- Indeksy dla tabeli `klienci`
--
ALTER TABLE `klienci`
  ADD PRIMARY KEY (`id_klienta`),
  ADD UNIQUE KEY `email` (`email`);

--
-- Indeksy dla tabeli `platnosci`
--
ALTER TABLE `platnosci`
  ADD PRIMARY KEY (`id_platnosci`),
  ADD KEY `id_zamowienia` (`id_zamowienia`);

--
-- Indeksy dla tabeli `pozycje_zamowienia`
--
ALTER TABLE `pozycje_zamowienia`
  ADD PRIMARY KEY (`id_pozycji`),
  ADD KEY `id_zamowienia` (`id_zamowienia`),
  ADD KEY `id_produktu` (`id_produktu`);

--
-- Indeksy dla tabeli `produkty`
--
ALTER TABLE `produkty`
  ADD PRIMARY KEY (`id_produktu`),
  ADD KEY `id_kategorii` (`id_kategorii`);

--
-- Indeksy dla tabeli `zamowienia`
--
ALTER TABLE `zamowienia`
  ADD PRIMARY KEY (`id_zamowienia`),
  ADD KEY `id_klienta` (`id_klienta`);

--
-- AUTO_INCREMENT for dumped tables
--

--
-- AUTO_INCREMENT for table `kategorie`
--
ALTER TABLE `kategorie`
  MODIFY `id_kategorii` int(11) NOT NULL AUTO_INCREMENT, AUTO_INCREMENT=6;

--
-- AUTO_INCREMENT for table `klienci`
--
ALTER TABLE `klienci`
  MODIFY `id_klienta` int(11) NOT NULL AUTO_INCREMENT, AUTO_INCREMENT=9;

--
-- AUTO_INCREMENT for table `platnosci`
--
ALTER TABLE `platnosci`
  MODIFY `id_platnosci` int(11) NOT NULL AUTO_INCREMENT, AUTO_INCREMENT=10;

--
-- AUTO_INCREMENT for table `pozycje_zamowienia`
--
ALTER TABLE `pozycje_zamowienia`
  MODIFY `id_pozycji` int(11) NOT NULL AUTO_INCREMENT, AUTO_INCREMENT=13;

--
-- AUTO_INCREMENT for table `produkty`
--
ALTER TABLE `produkty`
  MODIFY `id_produktu` int(11) NOT NULL AUTO_INCREMENT, AUTO_INCREMENT=11;

--
-- AUTO_INCREMENT for table `zamowienia`
--
ALTER TABLE `zamowienia`
  MODIFY `id_zamowienia` int(11) NOT NULL AUTO_INCREMENT, AUTO_INCREMENT=11;

--
-- Constraints for dumped tables
--

--
-- Constraints for table `platnosci`
--
ALTER TABLE `platnosci`
  ADD CONSTRAINT `platnosci_ibfk_1` FOREIGN KEY (`id_zamowienia`) REFERENCES `zamowienia` (`id_zamowienia`);

--
-- Constraints for table `pozycje_zamowienia`
--
ALTER TABLE `pozycje_zamowienia`
  ADD CONSTRAINT `pozycje_zamowienia_ibfk_1` FOREIGN KEY (`id_zamowienia`) REFERENCES `zamowienia` (`id_zamowienia`),
  ADD CONSTRAINT `pozycje_zamowienia_ibfk_2` FOREIGN KEY (`id_produktu`) REFERENCES `produkty` (`id_produktu`);

--
-- Constraints for table `produkty`
--
ALTER TABLE `produkty`
  ADD CONSTRAINT `produkty_ibfk_1` FOREIGN KEY (`id_kategorii`) REFERENCES `kategorie` (`id_kategorii`);

--
-- Constraints for table `zamowienia`
--
ALTER TABLE `zamowienia`
  ADD CONSTRAINT `zamowienia_ibfk_1` FOREIGN KEY (`id_klienta`) REFERENCES `klienci` (`id_klienta`);
COMMIT;

/*!40101 SET CHARACTER_SET_CLIENT=@OLD_CHARACTER_SET_CLIENT */;
/*!40101 SET CHARACTER_SET_RESULTS=@OLD_CHARACTER_SET_RESULTS */;
/*!40101 SET COLLATION_CONNECTION=@OLD_COLLATION_CONNECTION */;
